{"generator":"GNU social 2.0.1-beta0","title":"Conversation","totalItems":4,"items":[{"actor":{"id":"https:\/\/gnusocial.net\/index.php\/user\/6680","displayName":"Revu","status_net":{"avatarLinks":[{"url":"https:\/\/bobinas.p4g.club\/theme\/neo-gnu\/default-avatar-profile.png","rel":"avatar","type":"image\/png","width":96,"height":96},{"url":"https:\/\/bobinas.p4g.club\/avatar\/2997-48-20191130120912.jpeg","rel":"avatar","type":"image\/jpeg","width":48,"height":48},{"url":"https:\/\/bobinas.p4g.club\/avatar\/2997-24-20191130120912.jpeg","rel":"avatar","type":"image\/jpeg","width":24,"height":24}],"profile_info":{"local_id":"2997"}},"image":{"url":"https:\/\/bobinas.p4g.club\/theme\/neo-gnu\/default-avatar-profile.png","rel":"avatar","type":"image\/png","width":96,"height":96},"objectType":"person","summary":"Participo en el blog https:\/\/revueltafeminista.wordpress.com\/","url":"https:\/\/gnusocial.net\/revueltafeminista","portablecontacts_net":{"preferredUsername":"revueltafeminista","displayName":"Revu","note":"Participo en el blog https:\/\/revueltafeminista.wordpress.com\/","urls":[{"type":"homepage","value":"https:\/\/pixelfed.social\/revu","primary":"true"}]}},"content":"@<a href=\"https:\/\/gnusocial.net\/user\/2235\" class=\"h-card u-url p-nickname mention\" title=\"Panko\">panko<\/a> no no de \u00e9merita nada, si Juan Carlos ha dimitido yo tambi\u00e9n jajajaj. Me encanta tu oido musical querida:).\u00a0 @<a href=\"https:\/\/gnusocial.net\/user\/4279\" class=\"h-card u-url p-nickname mention\" title=\"radikal\">radikal<\/a> @<a href=\"https:\/\/red.confederac.io\/users\/icaria36\" class=\"h-card u-url p-nickname mention\" title=\"icaria36\">icaria36<\/a>","generator":{"id":"tag:status.net,2009:notice-source:ostatus","objectType":"application","status_net":{"source_code":"ostatus"}},"id":"tag:gnusocial.net,2019-05-30:noticeId=6457780:objectType=comment","object":{"id":"tag:gnusocial.net,2019-05-30:noticeId=6457780:objectType=comment","objectType":"comment","content":"@<a href=\"https:\/\/gnusocial.net\/user\/2235\" class=\"h-card u-url p-nickname mention\" title=\"Panko\">panko<\/a> no no de \u00e9merita nada, si Juan Carlos ha dimitido yo tambi\u00e9n jajajaj. Me encanta tu oido musical querida:).\u00a0 @<a href=\"https:\/\/gnusocial.net\/user\/4279\" class=\"h-card u-url p-nickname mention\" title=\"radikal\">radikal<\/a> @<a href=\"https:\/\/red.confederac.io\/users\/icaria36\" class=\"h-card u-url p-nickname mention\" title=\"icaria36\">icaria36<\/a>","url":"https:\/\/gnusocial.net\/notice\/6457780","status_net":{"notice_id":null},"inReplyTo":{"objectType":"note","id":"tag:gnusocial.net,2019-05-30:noticeId=6457380:objectType=comment","url":"https:\/\/gnusocial.net\/notice\/6457380"}},"to":[{"objectType":"http:\/\/activitystrea.ms\/schema\/1.0\/person","id":"https:\/\/gnusocial.net\/index.php\/user\/2235"},{"objectType":"http:\/\/activitystrea.ms\/schema\/1.0\/person","id":"https:\/\/gnusocial.net\/index.php\/user\/4279"},{"objectType":"http:\/\/activitystrea.ms\/schema\/1.0\/person","id":"https:\/\/red.confederac.io\/users\/icaria36"},{"objectType":"http:\/\/activitystrea.ms\/schema\/1.0\/collection","id":"http:\/\/activityschema.org\/collection\/public"}],"status_net":{"conversation":"https:\/\/gnusocial.net\/conversation\/4034882","notice_info":{"local_id":"1110524","source":"ostatus"}},"published":"2019-05-30T11:28:06+00:00","provider":{"objectType":"service","displayName":"Bobinas P4G","url":"https:\/\/bobinas.p4g.club\/"},"verb":"post","url":"https:\/\/gnusocial.net\/notice\/6457780"},{"actor":{"id":"https:\/\/gnusocial.net\/index.php\/user\/2235","displayName":"Panko","status_net":{"avatarLinks":[{"url":"https:\/\/bobinas.p4g.club\/theme\/neo-gnu\/default-avatar-profile.png","rel":"avatar","type":"image\/png","width":96,"height":96},{"url":"https:\/\/bobinas.p4g.club\/avatar\/1164-48-20191111152210.jpeg","rel":"avatar","type":"image\/jpeg","width":48,"height":48},{"url":"https:\/\/bobinas.p4g.club\/avatar\/1164-24-20191111134142.jpeg","rel":"avatar","type":"image\/jpeg","width":24,"height":24}],"profile_info":{"local_id":"1164"}},"image":{"url":"https:\/\/bobinas.p4g.club\/theme\/neo-gnu\/default-avatar-profile.png","rel":"avatar","type":"image\/png","width":96,"height":96},"objectType":"person","summary":"Hey babe! Take a walk on Debian side","url":"https:\/\/gnusocial.net\/panko","portablecontacts_net":{"preferredUsername":"panko","displayName":"Panko","note":"Hey babe! Take a walk on Debian side","addresses":{"formatted":"La Vila Joiosa"},"urls":[{"type":"homepage","value":"https:\/\/comunicatelibremente.wordpress.com","primary":"true"}]}},"content":"@<a href=\"https:\/\/red.confederac.io\/users\/icaria36\" class=\"h-card u-url p-nickname mention\">icaria36<\/a> @<a href=\"https:\/\/gnusocial.net\/user\/6680\" class=\"h-card u-url p-nickname mention\">revu<\/a> @<a href=\"https:\/\/gnusocial.net\/user\/4279\" class=\"h-card u-url p-nickname mention\">radikal<\/a> El gran Copini y sus Golpes Bajos! Vaya pedazo de artistas que se juntaron. Esta emperatriz em\u00e9rita sabe mucho :p","generator":{"id":"tag:status.net,2009:notice-source:ostatus","objectType":"application","status_net":{"source_code":"ostatus"}},"id":"tag:gnusocial.net,2019-05-30:noticeId=6457380:objectType=comment","object":{"id":"tag:gnusocial.net,2019-05-30:noticeId=6457380:objectType=comment","objectType":"comment","content":"@<a href=\"https:\/\/red.confederac.io\/users\/icaria36\" class=\"h-card u-url p-nickname mention\">icaria36<\/a> @<a href=\"https:\/\/gnusocial.net\/user\/6680\" class=\"h-card u-url p-nickname mention\">revu<\/a> @<a href=\"https:\/\/gnusocial.net\/user\/4279\" class=\"h-card u-url p-nickname mention\">radikal<\/a> El gran Copini y sus Golpes Bajos! Vaya pedazo de artistas que se juntaron. Esta emperatriz em\u00e9rita sabe mucho :p","url":"https:\/\/gnusocial.net\/notice\/6457380","status_net":{"notice_id":null}},"to":[{"objectType":"http:\/\/activitystrea.ms\/schema\/1.0\/person","id":"https:\/\/gnusocial.net\/index.php\/user\/4279"},{"objectType":"http:\/\/activitystrea.ms\/schema\/1.0\/person","id":"https:\/\/gnusocial.net\/index.php\/user\/6680"},{"objectType":"http:\/\/activitystrea.ms\/schema\/1.0\/person","id":"https:\/\/red.confederac.io\/users\/icaria36"},{"objectType":"http:\/\/activitystrea.ms\/schema\/1.0\/collection","id":"http:\/\/activityschema.org\/collection\/public"}],"status_net":{"conversation":"https:\/\/gnusocial.net\/conversation\/4034882","notice_info":{"local_id":"1110453","source":"ostatus"}},"published":"2019-05-30T10:24:50+00:00","provider":{"objectType":"service","displayName":"Bobinas P4G","url":"https:\/\/bobinas.p4g.club\/"},"verb":"post","url":"https:\/\/gnusocial.net\/notice\/6457380"},{"actor":{"id":"https:\/\/gnusocial.net\/index.php\/user\/6680","displayName":"Revu","status_net":{"avatarLinks":[{"url":"https:\/\/bobinas.p4g.club\/theme\/neo-gnu\/default-avatar-profile.png","rel":"avatar","type":"image\/png","width":96,"height":96},{"url":"https:\/\/bobinas.p4g.club\/avatar\/2997-48-20191130120912.jpeg","rel":"avatar","type":"image\/jpeg","width":48,"height":48},{"url":"https:\/\/bobinas.p4g.club\/avatar\/2997-24-20191130120912.jpeg","rel":"avatar","type":"image\/jpeg","width":24,"height":24}],"profile_info":{"local_id":"2997"}},"image":{"url":"https:\/\/bobinas.p4g.club\/theme\/neo-gnu\/default-avatar-profile.png","rel":"avatar","type":"image\/png","width":96,"height":96},"objectType":"person","summary":"Participo en el blog https:\/\/revueltafeminista.wordpress.com\/","url":"https:\/\/gnusocial.net\/revueltafeminista","portablecontacts_net":{"preferredUsername":"revueltafeminista","displayName":"Revu","note":"Participo en el blog https:\/\/revueltafeminista.wordpress.com\/","urls":[{"type":"homepage","value":"https:\/\/pixelfed.social\/revu","primary":"true"}]}},"content":"@<a href=\"https:\/\/red.confederac.io\/users\/icaria36\" class=\"h-card u-url p-nickname mention\" title=\"icaria36\">icaria36<\/a> @<a href=\"https:\/\/gnusocial.net\/user\/2235\" class=\"h-card u-url p-nickname mention\" title=\"Panko\">panko<\/a> @<a href=\"https:\/\/social.nexus8.cf\/user\/1\" class=\"h-card u-url p-nickname mention\" title=\"radikal\">radikal<\/a> te lo permito porque gracias a @<a href=\"https:\/\/khp.ignorelist.com\/user\/1\" class=\"h-card u-url p-nickname mention\" title=\"aab\">aab<\/a> mi buscador cambia a Invidius el solo jajaja. Gracias veci es verdad que me tiran mucho las orquestas :))","generator":{"id":"tag:status.net,2009:notice-source:ostatus","objectType":"application","status_net":{"source_code":"ostatus"}},"id":"tag:gnusocial.net,2019-05-30:noticeId=6456259:objectType=comment","object":{"id":"tag:gnusocial.net,2019-05-30:noticeId=6456259:objectType=comment","objectType":"comment","content":"@<a href=\"https:\/\/red.confederac.io\/users\/icaria36\" class=\"h-card u-url p-nickname mention\" title=\"icaria36\">icaria36<\/a> @<a href=\"https:\/\/gnusocial.net\/user\/2235\" class=\"h-card u-url p-nickname mention\" title=\"Panko\">panko<\/a> @<a href=\"https:\/\/social.nexus8.cf\/user\/1\" class=\"h-card u-url p-nickname mention\" title=\"radikal\">radikal<\/a> te lo permito porque gracias a @<a href=\"https:\/\/khp.ignorelist.com\/user\/1\" class=\"h-card u-url p-nickname mention\" title=\"aab\">aab<\/a> mi buscador cambia a Invidius el solo jajaja. Gracias veci es verdad que me tiran mucho las orquestas :))","url":"https:\/\/gnusocial.net\/notice\/6456259","status_net":{"notice_id":null}},"to":[{"objectType":"http:\/\/activitystrea.ms\/schema\/1.0\/person","id":"https:\/\/gnusocial.net\/index.php\/user\/2235"},{"objectType":"http:\/\/activitystrea.ms\/schema\/1.0\/person","id":"https:\/\/red.confederac.io\/users\/icaria36"},{"objectType":"http:\/\/activitystrea.ms\/schema\/1.0\/person","id":"https:\/\/social.nexus8.cf\/user\/1"},{"objectType":"http:\/\/activitystrea.ms\/schema\/1.0\/person","id":"https:\/\/khp.ignorelist.com\/user\/1"},{"objectType":"http:\/\/activitystrea.ms\/schema\/1.0\/collection","id":"http:\/\/activityschema.org\/collection\/public"}],"status_net":{"conversation":"https:\/\/gnusocial.net\/conversation\/4034882","notice_info":{"local_id":"1110337","source":"ostatus"}},"published":"2019-05-30T07:46:12+00:00","provider":{"objectType":"service","displayName":"Bobinas P4G","url":"https:\/\/bobinas.p4g.club\/"},"verb":"post","url":"https:\/\/gnusocial.net\/notice\/6456259"},{"actor":{"id":"https:\/\/gnusocial.net\/index.php\/user\/6680","displayName":"Revu","status_net":{"avatarLinks":[{"url":"https:\/\/bobinas.p4g.club\/theme\/neo-gnu\/default-avatar-profile.png","rel":"avatar","type":"image\/png","width":96,"height":96},{"url":"https:\/\/bobinas.p4g.club\/avatar\/2997-48-20191130120912.jpeg","rel":"avatar","type":"image\/jpeg","width":48,"height":48},{"url":"https:\/\/bobinas.p4g.club\/avatar\/2997-24-20191130120912.jpeg","rel":"avatar","type":"image\/jpeg","width":24,"height":24}],"profile_info":{"local_id":"2997"}},"image":{"url":"https:\/\/bobinas.p4g.club\/theme\/neo-gnu\/default-avatar-profile.png","rel":"avatar","type":"image\/png","width":96,"height":96},"objectType":"person","summary":"Participo en el blog https:\/\/revueltafeminista.wordpress.com\/","url":"https:\/\/gnusocial.net\/revueltafeminista","portablecontacts_net":{"preferredUsername":"revueltafeminista","displayName":"Revu","note":"Participo en el blog https:\/\/revueltafeminista.wordpress.com\/","urls":[{"type":"homepage","value":"https:\/\/pixelfed.social\/revu","primary":"true"}]}},"content":"<a href=\"https:\/\/www.invidio.us\/watch?v=2OBzFK53-Ss\" title=\"https:\/\/www.invidio.us\/watch?v=2OBzFK53-Ss\" rel=\"nofollow\" class=\"attachment\">https:\/\/www.invidio.us\/watch?v=2OBzFK53-Ss<\/a> ayer escuchando a @<a href=\"https:\/\/social.nexus8.cf\/user\/1\" class=\"h-card u-url p-nickname mention\" title=\"radikal\">radikal<\/a> y @<a href=\"https:\/\/gnusocial.net\/user\/2235\" class=\"h-card u-url p-nickname mention\" title=\"Panko\">panko<\/a> mientras recordaban m\u00fasica de otros tiempos, me vino a la cabeza esta canci\u00f3n y creo que es la que refleja mi estado de \u00e1nimo. Si ya se que son poco rokeros para vosotras :)))) Son malos tiempos para la lir\u00edca, el individualismo nos est\u00e1 separando de las humanidades. Cosas que aprendo con Marina Garc\u00e9s.","generator":{"id":"tag:status.net,2009:notice-source:ostatus","objectType":"application","status_net":{"source_code":"ostatus"}},"id":"tag:gnusocial.net,2019-05-30:noticeId=6456147:objectType=note","object":{"id":"tag:gnusocial.net,2019-05-30:noticeId=6456147:objectType=note","objectType":"note","content":"<a href=\"https:\/\/www.invidio.us\/watch?v=2OBzFK53-Ss\" title=\"https:\/\/www.invidio.us\/watch?v=2OBzFK53-Ss\" rel=\"nofollow\" class=\"attachment\">https:\/\/www.invidio.us\/watch?v=2OBzFK53-Ss<\/a> ayer escuchando a @<a href=\"https:\/\/social.nexus8.cf\/user\/1\" class=\"h-card u-url p-nickname mention\" title=\"radikal\">radikal<\/a> y @<a href=\"https:\/\/gnusocial.net\/user\/2235\" class=\"h-card u-url p-nickname mention\" title=\"Panko\">panko<\/a> mientras recordaban m\u00fasica de otros tiempos, me vino a la cabeza esta canci\u00f3n y creo que es la que refleja mi estado de \u00e1nimo. Si ya se que son poco rokeros para vosotras :)))) Son malos tiempos para la lir\u00edca, el individualismo nos est\u00e1 separando de las humanidades. Cosas que aprendo con Marina Garc\u00e9s.","url":"https:\/\/gnusocial.net\/notice\/6456147","status_net":{"notice_id":null}},"to":[{"objectType":"http:\/\/activitystrea.ms\/schema\/1.0\/person","id":"https:\/\/gnusocial.net\/index.php\/user\/2235"},{"objectType":"http:\/\/activitystrea.ms\/schema\/1.0\/person","id":"https:\/\/social.nexus8.cf\/user\/1"},{"objectType":"http:\/\/activitystrea.ms\/schema\/1.0\/collection","id":"http:\/\/activityschema.org\/collection\/public"}],"status_net":{"conversation":"https:\/\/gnusocial.net\/conversation\/4034882","notice_info":{"local_id":"1110330","source":"ostatus"}},"published":"2019-05-30T07:32:06+00:00","provider":{"objectType":"service","displayName":"Bobinas P4G","url":"https:\/\/bobinas.p4g.club\/"},"verb":"post","url":"https:\/\/gnusocial.net\/notice\/6456147"}],"links":[{"url":"https:\/\/bobinas.p4g.club\/conversation\/787552","rel":"alternate","type":"text\/html"}]}

@<a href="https://gnusocial.net/user/2235" class="h-card u-url p-nickname mention" title="Panko">panko</a> no no de émerita nada, si Juan Carlos ha dimitido yo también jajajaj. Me encanta tu oido musical querida:).  @<a href="https://gnusocial.net/user/4279" class="h-card u-url p-nickname mention" title="radikal">radikal</a> @<a href="https://red.confederac.io/users/icaria36" class="h-card u-url p-nickname mention" title="icaria36">icaria36</a>

@<a href="https://red.confederac.io/users/icaria36" class="h-card u-url p-nickname mention">icaria36</a> @<a href="https://gnusocial.net/user/6680" class="h-card u-url p-nickname mention">revu</a> @<a href="https://gnusocial.net/user/4279" class="h-card u-url p-nickname mention">radikal</a> El gran Copini y sus Golpes Bajos! Vaya pedazo de artistas que se juntaron. Esta emperatriz emérita sabe mucho :p

<a href="https://www.invidio.us/watch?v=2OBzFK53-Ss" title="https://www.invidio.us/watch?v=2OBzFK53-Ss" rel="nofollow" class="attachment">https://www.invidio.us/watch?v=2OBzFK53-Ss</a> ayer escuchando a @<a href="https://social.nexus8.cf/user/1" class="h-card u-url p-nickname mention" title="radikal">radikal</a> y @<a href="https://gnusocial.net/user/2235" class="h-card u-url p-nickname mention" title="Panko">panko</a> mientras recordaban música de otros tiempos, me vino a la cabeza esta canción y creo que es la que refleja mi estado de ánimo. Si ya se que son poco rokeros para vosotras :)))) Son malos tiempos para la liríca, el individualismo nos está separando de las humanidades. Cosas que aprendo con Marina Garcés.
